) = 16*c**2 + 45*c - 357. What is the remainder when w(8) is divided by 86?
81
Suppose -3*v = 7*v - 280. Calculate the remainder when v is divided by 10.
8
Suppose -72 = -3*i + i + 2*p, i = -2*p + 30. Let z = -32 + i. Let o = -11 + 15. What is the remainder when o is divided by z?
0
Let t = -7 + 10. Suppose -92 = 6*j - 8. Calculate the remainder when t/(-21) - 408/j is divided by 8.
5
Let x = 35 - 12. Let z(l) = 15 + 10*l + l - l**2 - 2*l - l. Calculate the remainder when x is divided by z(9).
5
Suppose -12*x + 106 = -278. What is the remainder when 151 is divided by x?
23
Let z = 4 + -6. Let g = 1 - z. Suppose -g - 72 = -5*y. What is the remainder when y is divided by 4?
3
Suppose 90 = -815*n + 820*n. Calculate the remainder when 320 is divided by n.
14
Suppose -1368 = -42*u + 4*u. Calculate the remainder when 136 is divided by u.
28
Let y(w) = w. Let h(i) = -i**3 + 12*i**2 - 17*i + 11. Let u(a) = h(a) + 2*y(a). What is the remainder when u(10) is divided by 32?
29
Let p = 1266 - 1259. Let o(d) = d**2 - 4*d - 7. Let h be o(6). Suppose -h = -n - 1. Calculate the remainder when p is divided by n.
3
Suppose -5*l + 12 = -i - 3*i, l - 4*i + 4 = 0. What is the remainder when 16/((-20)/(-5)) + 4*1 is divided by l?
0
Suppose -2*t + 6*t = 68. Suppose 3*n - 45 = -5*x, -5*n - 11 = -2*x + 7. Calculate the remainder when t is divided by x.
8
Let t(o) = -o**3 - 7*o**2 - 3*o + 1. Let i be t(-7). What is the remainder when i/33 + 104/6 is divided by 9 + (-2)/(-2)*1?
8
Let s(v) = -v + 6. Let w be s(3). Suppose -c - 4*c = -q - 15, w*q = -5*c + 35. Suppose -2*r - 5 + 13 = 0. What is the remainder when c is divided by r?
0
Let i(f) = f**2 + 38*f - 266. Suppose -17 = -5*x + 4*s + 52, -x + 5*s = 3. Calculate the remainder when i(-45) is divided by x.
15
Let g(n) = n**2 + 4*n. Suppose 4*t + 5*w = 81, 12*t = 11*t + 3*w + 16. What is the remainder when t is divided by g(-6)?
7
Let i = 247 - 142. Let k = i + -61. Calculate the remainder when k is divided by 9.
8
Suppose 33*j - 14472 = -5496. What is the remainder when j is divided by 76?
44
Let n(m) = -m**3 - 31*m**2 - 6*m - 95. What is the remainder when n(-31) is divided by 22?
3
Suppose 3*b = 144 + 78. Calculate the remainder when b is divided by 40.
34
Suppose -7*k + 905 = -264. Let f = k - 134. Calculate the remainder when 195 is divided by f.
30
Let a = 13 - 19. Let w(i) = -5*i + 8. What is the remainder when w(a) is divided by 13?
12
Let d(z) = -z**2 + 13*z + 19. What is the remainder when 29 is divided by d(13)?
10
Let m(s) = s**3 - 3*s**2 + 2*s - 1. Suppose -4*o + 36 = -4*c, -3*o + 0*c + 17 = -c. What is the remainder when m(o) is divided by 13?
10
Let k(g) = 4*g**2 - g - g**3 + 8*g - 9 + g + 6. Calculate the remainder when 34 is divided by k(5).
10
Let d(x) = 8*x**2 - 5*x. Calculate the remainder when d(4) is divided by (-114)/1653 - 814/(-29).
24
What is the remainder when 107 is divided by (96/42)/((-6)/(-42))?
11
Suppose 3*o + 25 = 5*d, d + 0*o = -5*o - 23. Let k be d/11 - (-1180)/44. Let g = 58 - k. Calculate the remainder when g is divided by 18.
13
Suppose -88 = -43*s + 35*s. What is the remainder when s is divided by 5?
1
Suppose 0 = 4*f + 5*k - 105, -2*f - 6*k + 45 = -k. What is the remainder when 209 is divided by f?
29
Suppose -5*c + 14*c - 1386 = 0. What is the remainder when c is divided by 78?
76
Suppose -b - 3*b - 12 = 0. Let y = 5 + b. Calculate the remainder when (12/14)/((-1)/(-7)) is divided by y.
0
Let t(u) = -u**2 + 9*u + 3. Let w be t(7). Suppose 6*d - 4*d - 5*p = -w, -2*p = -2*d - 14. Calculate the remainder when (d/5)/((-12)/80) is divided by 2.
0
Suppose -6*c - 1 = -5*c - 4*h, 6 = c + 3*h. Suppose -3*o = c*v, 6*v + o - 5 = 4*v. What is the remainder when 12 is divided by v?
2
Let o = -1 - -7. Let j = 34 - 33. What is the remainder when ((2 - 0) + -12)*(0 - j) is divided by o?
4
Suppose 4*y + 5*y = 225. What is the remainder when 97 is divided by y?
22
Suppose -2*k - 5*b + 285 = 0, -k - 3*b + 6*b + 159 = 0. Calculate the remainder when k is divided by 35.
10
Let d = 279 + 2417. Calculate the remainder when d is divided by 29.
28
Suppose 6*r - 292 = -88. Suppose -3*a - x - 4*x = -36, 0 = -4*a + 2*x + 48. What is the remainder when r is divided by a?
10
Let q be 2632/12 - 5/((-60)/8). Suppose -d + 5*d = q. Calculate the remainder when d is divided by 29.
26
What is the remainder when ((-20)/30)/((-2)/345) is divided by 50?
15
Let r(c) = c - 1. Let b(p) = 8*p - 377. Calculate the remainder when b(51) is divided by r(10).
4
Suppose 12*h = -13*h + 4575. Calculate the remainder when h is divided by 46.
45
Let q(g) = -g + 9. Calculate the remainder when 711 is divided by q(-25).
31
Suppose -5*a - 2*b + 5 = 0, -6*a - 7 = -5*a + 2*b. Calculate the remainder when 8 is divided by a.
2
Calculate the remainder when (310/(-110) + -1)*-11 is divided by 39.
3
Let g be 6/9*(9 - 3). Suppose g*h - 12 = 3*h - i, 4*h + 2*i - 52 = 0. Suppose 13*o + 660 = 25*o. Calculate the remainder when o is divided by h.
13
Suppose 0*o - 100 = -o. Suppose 10*t - 328 = 182. Calculate the remainder when o is divided by t.
49
Let y(w) = -w**2 + 5. Let k be y(3). Let r = 10 - -15. What is the remainder when 73 - (k + 2 + 1) is divided by r?
24
Suppose -d - 3*k = 2*d - 18, k = 3. Let i(p) = -2*p**2 - 3*p**2 + 2 + 5*p**3 - 3*p - 2*p**d + 1. Calculate the remainder when i(4) is divided by 26.
25
Let c = 87 + -139. Let f = c + 57. What is the remainder when 52 is divided by f?
2
Let m(a) = -a**2 + 7*a + 6. Let i be m(7). Let t(p) = 460 - 5*p + 4*p**2 - 467 - 2*p**2. Calculate the remainder when 102 is divided by t(i).
32
Let n = -12 - -18. Let f be (-6)/(1*4/n). Let s(t) = -t + 6. Calculate the remainder when 42 is divided by s(f).
12
Let c(t) = 194*t**2. What is the remainder when c(1) is divided by (-828)/621*99/(-4)?
29
Suppose n + 7 = -21. Let a = -15 - n. Calculate the remainder when 50 is divided by a.
11
Calculate the remainder when 317 is divided by (0 - 18)*((-208)/24 - -6).
29
Suppose r + 6 = 8. Suppose 2*f - 20 = -5*s, 3*s + r = 3*f + 14. What is the remainder when s is divided by 3?
1
Let l(i) = -i**2 - 8*i + 8. Let p be l(-9). Calculate the remainder when 40 is divided by (-4 + 1)*(-9 + (1 - p)).
19
Suppose -h + 14 = 3*s, 3*s - 7 = -s + h. Suppose 3*z - s*x - 399 = 0, -2*x - 138 = -0*z - z. Calculate the remainder when z is divided by 26.
24
Let a = 45 + -52. What is the remainder when 48 is divided by ((-2)/a)/((-14)/(-490))?
8
What is the remainder when 1441 is divided by (-226)/(-18) + (-30)/(-1485)*22?
11
Suppose -161 = -u - 46. Let l = -77 + u. What is the remainder when l is divided by 13?
12
Suppose -2*s = s + 5*v - 57, 6 = 2*v. Let n = -145 + 149. What is the remainder when ((-91)/s)/((-2)/n) is divided by 8?
5
Let s(g) = -g**3 + 19*g**2 - g + 46. What is the remainder when 128 is divided by s(19)?
20
Let p be ((-5)/5 - -1) + 43. Let u = p - 22. Let k = 40 - u. Calculate the remainder when k is divided by 4.
3
What is the remainder when 17 is divided by (-6)/(-15) - 1855/(-175)?
6
Suppose 3*i = 243*t - 245*t + 128, 0 = 4*i - 3*t - 148. Calculate the remainder when 58 is divided by i.
18
Suppose -31 = 4*h - 79. Calculate the remainder when 117 is divided by h.
9
Let k be (-3)/((-326)/166 + 2). Let g = -58 - k. What is the remainder when 46 is divided by g?
21
Let h = -162 + 246. Calculate the remainder when h is divided by 17.
16
Suppose -4*n + u + 98 = -u, 0 = n + 5*u - 30. Let h(j) = 7*j**2 + 5*j - 2. Calculate the remainder when h(-3) is divided by n.
21
Let k = 34 + 40. Suppose 3*u - u = k. Calculate the remainder when 256 is divided by u.
34
Suppose -5*h - 10 + 34 = 2*w, -w + 5*h = 18. Suppose -2*v - w = -28. What is the remainder when 38 is divided by v?
12
Let u(s) = -34*s + 76. Let f be u(-26). Let d = -595 + f. Calculate the remainder when d is divided by 61.
60
Suppose r - 2*r + 23 = 0. Let z(o) = 22*o + 668. What is the remainder when r is divided by z(-30)?
7
Suppose -3*t + 129 = -0*g + 3*g, 0 = -g + t + 33. What is the remainder when 112 is divided by g?
36
Suppose 44*m - 2069 - 3475 = 0. Calculate the remainder when m is divided by 64.
62
Suppose -b = 6*o - 9*o - 441, -2*b - o + 861 = 0. What is the remainder when b is divided by 8?
0
Let y be (12 - 5) + -3 + 1. Let g(d) = 2*d**2 - 6*d + 8.